
27
Suppose -2*d + 66 = -46. Suppose 0 = -z - 13*z + d. Suppose -252 = -2*a - z*g, a + 369 = 4*a + 3*g. Calculate the greatest common factor of a and 15.
15
Suppose -2*l = -t + 34 - 6, 0 = -5*t - 4*l + 140. Let z = t + -32. Let q be 28 - (3 + z + -1). What is the greatest common divisor of 105 and q?
15
Suppose 18*k = 6*k + 4464. Let x = k + -338. What is the highest common divisor of x and 680?
34
Let m(v) = 86*v**2 - 2*v. Let l be m(1). Let c = 60 - l. Let x = -18 - c. What is the greatest common factor of 15 and x?
3
Let u(f) = f**3 + f**2 + f + 8. Let m be u(0). Suppose -m*h = -169 - 135. Let q = 221 + -69. What is the greatest common factor of q and h?
38
Suppose -157*t + 192*t + 1767 = 16607. What is the highest common factor of 56 and t?
8
Let g = -4 - -6. Let a = g + 10. Let j = -7962 + 8094. Calculate the highest common divisor of j and a.
12
Let s be (-14080)/(-18) - 10/45. Suppose -2*g - 236 + s = 0. Calculate the greatest common factor of 78 and g.
39
Let g(q) = q**3 + 7*q**2 + 9*q + 2. Let l be g(-4). Suppose i - 53 = -l. What is the greatest common divisor of 429 and i?
39
Suppose 82 = 3*w + 3*g - 389, 3*g = -9. Calculate the highest common divisor of w and 1940.
20
Suppose -64*l - 24 = -792. Calculate the greatest common divisor of 4356 and l.
12
Let y be (15903/62)/(-1*(-1)/2). Let s = -505 + y. Let z be (-62 + -1*2)*-1. Calculate the highest common divisor of s and z.
8
Suppose 15*l - 7088 + 1808 = 6435. What is the greatest common divisor of l and 355?
71
Let d(q) = 3*q**2 + 6*q + 18. Let l be d(-6). Suppose 11*m - 8*m - l = 0. What is the highest common factor of 12 and m?
6
Suppose 0*j - 4 = 2*j - 2*i, 0 = -j - 5*i + 10. Suppose -4*r - 141 + 165 = j. Let o be -1 + (-31)/(2 + -3). Calculate the highest common factor of o and r.
6
Suppose 42*j + 51*j - 28800 = 3*j. What is the highest common factor of 125 and j?
5
Suppose -2*u + 685 = 2*u - 5*j, -508 = -3*u - 2*j. Suppose 0 = -2*q - 2*r + u, -11*q + 6*q - r = -421. Calculate the greatest common factor of q and 48.
12
Let s(f) = -5*f - 11. Let c be s(-8). Let k = -15 + c. What is the highest common factor of k and 63?
7
Let l(c) = -c**2 + 4*c + 38. Let u = -843 + 849. Let g be l(u). What is the greatest common divisor of 13 and g?
13
Let c(j) = 4*j - 183. Let p be c(27). Suppose 0*z + 194 = -2*z. Let q = p - z. What is the greatest common divisor of 11 and q?
11
Let u(s) = -111*s + 827. Let z be u(7). What is the greatest common factor of z and 110?
10
Let d(w) be the second derivative of w**5/20 - w**4/2 - 3*w**3 + 8*w**2 - 7*w. Let r be d(8). Suppose 6 + r = 6*u. What is the highest common factor of u and 8?
1
Let p = 52 - 61. Let x be 1/((21/p)/(-7)). Suppose o = -2*j + 5*j - 41, -5*j + 59 = x*o. Calculate the greatest common factor of 13 and j.
13
Let m = -33 + 31. Let z be -8 - -5 - (-4)/m. Let a(r) = -3*r - 3. Let g be a(z). What is the highest common factor of 30 and g?
6
Suppose 0 = -41*n + 113*n - 504. What is the highest common factor of 1302 and n?
7
Let h(f) = 33*f + 749. Let u be h(-16). Calculate the highest common factor of u and 117.
13
Let x be 670/9715 - (-4)/58*-146. Suppose -4*q = 5*c + 47, 2*q + c - 3*c + 46 = 0. Let v = x - q. What is the highest common factor of 104 and v?
8
Suppose 0 = -167*l - 7412 + 24947. What is the highest common factor of l and 105?
105
Suppose -207 = -5*s + l + 25, -3*s + 3*l = -144. Calculate the highest common factor of 3726 and s.
46
Let a = -5388 - -5402. Suppose 0*n - 10 = -2*n. Suppose n*d = -2*r + 60, 2*r = d + 2*d + 76. Calculate the greatest common factor of r and a.
7
Suppose 5*u = 73 - 63. Suppose -u*m - 15 = -m. Let c be (-3)/5 + 1 - 654/m. Calculate the highest common factor of 66 and c.
22
Let i = 6 + -2. Suppose 102*z = 60*z - 24*z + 1584. Calculate the greatest common factor of z and i.
4
Let j = -3157 - -4072. Calculate the greatest common factor of j and 15.
15
Let l(m) = m**3 - 1. Let v be l(3). Let o be 572*((-21)/14 + 2). What is the greatest common divisor of o and v?
26
Let j be ((-2)/4)/(1/(-240)). Let z = 14682 - 14607. What is the greatest common divisor of j and z?
15
Let o(x) = 27*x + 180. Let h be o(-4). Calculate the highest common divisor of h and 1800.
72
Suppose 6*p = m + 5*p - 4, 4*p - 16 = -4*m. Suppose 699 = m*z - 3*c, -4*z = -3*c + c - 702. Calculate the greatest common divisor of 59 and z.
59
Suppose -2*y + 576 = -130. Let s = y - 346. Suppose -5*b + 118 + 162 = 0. What is the greatest common factor of s and b?
7
Let y be (-3)/(-3) - -112 - 4. Suppose -4*m + 304 = -s, -s + 8 = 12. Let k = y - m. Calculate the highest common factor of k and 238.
34
Let m(u) = 13*u - 28. Let r be m(4). Let v be 18/4 - 1/(-2). Suppose 2*i - v*i + 108 = 0. What is the greatest common divisor of i and r?
12
Suppose -3*k - 38*j - 1218 = -39*j, -3*k + 5*j = 1206. Let t = 423 + k. What is the greatest common divisor of t and 64?
16
Let g be (-438)/(-7) + 3/7. Let b = 1299 - 1257. What is the greatest common divisor of b and g?
21
Let z = 537 - 365. Let d = -35140 + 35148. What is the greatest common factor of d and z?
4
Suppose 17*x - 19*x = s - 15, -25 = -3*x - s. What is the greatest common divisor of 3490 and x?
10
Let k(o) = 14*o**2 - 3. Let b be k(6). Suppose -d - y + b = 0, -10*d - 4*y = -12*d + 972. Calculate the greatest common divisor of d and 31.
31
Let s = -137 - -335. Suppose -3*n = -3*y + s, 43*y = 41*y - 5*n + 160. Calculate the greatest common divisor of y and 910.
70
Suppose 221 = 2*r + z, -3*r - 2*z + 62 + 271 = 0. Suppose -4*v + 94 = 3*q, -3*q + 3*v + r = 4*v. Calculate the greatest common divisor of q and 57.
19
Suppose -4*v - 5*h = 61, 4*v + 2*h = -2 - 44. Let d be 12/(-9) - 102/v. Suppose 5*i - 4*k = -2, 2*i + k = -k + d. What is the highest common factor of i and 14?
2
Suppose -13 = -6*u + 17. Suppose -p = -3*p + 3*v + 19, u*p = -5*v - 15. Let w be p + (-16)/12 - 80/(-6). What is the highest common factor of w and 2?
2
Let l(i) = i - 31. Suppose 6*v - 60 - 12 = 0. Let g be l(v). Let a be 4 - 7 - (g - 1). Calculate the highest common divisor of 17 and a.
17
Suppose 40 = 3*o + s, 0 = -0*o - o - 2*s + 5. Suppose -2*v + 19 = o. What is the greatest common divisor of 46 and v?
2
Let r(x) = x**2 - 16*x + 82. Let i be r(9). What is the greatest common divisor of 13 and i?
1
Let b(p) = 99*p - 1905. Let f be b(64). What is the highest common factor of 14 and f?
7
Suppose 2 = -f + 7. Let r be (-3552)/(-444) + -1 + -2. Calculate the greatest common divisor of f and r.
5
Suppose -5 = -5*z - 0. Let l(t) = t**3 + 9*t**2 + 23*t + 15. Let w be l(-7). Let q be w/(-10) - 23/(-115). What is the greatest common divisor of z and q?
1
Let v be -1 - -1 - (-9)/((-36)/1564). Let d = v + 706. Calculate the highest common divisor of d and 63.
63
Suppose 14013 = 4*v - 37*b + 42*b, 0 = -4*v + 2*b + 13950. Calculate the greatest common divisor of v and 6.
6
Let a(d) = 300*d**2 + 9*d + 9. Let u be a(-5). Calculate the greatest common divisor of 120 and u.
24
Suppose 2*k - 578 - 686 = 0. Suppose 0 = 5*a + 132 - k. Let q = 260 - a. Calculate the greatest common divisor of q and 32.
32
Suppose 2*j = 2 - 0. Suppose 2*n = 28, -1012*g - 212 = -1018*g + 2*n. Calculate the highest common divisor of j and g.
1
Suppose -5*l = 3*x - 82, 0 = 3*x - l + 4*l - 84. Let m(s) = -2391*s - 47153. Let v be m(-20). Calculate the highest common divisor of x and v.
29
Let q = 562 - 849. Let y = -274 - q. What is the highest common divisor of 117 and y?
13
Let z(o) = 2*o**3 + 22*o**2 + 36*o + 5. Let g be z(-9). What is the greatest common factor of 41 and g?
1
Let u be (1 + 3)/((-8)/(-36)). Let y be u/(-90) + (-56)/(-5). Let n = -121 + 176. Calculate the greatest common divisor of n and y.
11
Let k be (6528/(-256))/((-1)/2). What is the highest common factor of k and 22219?
17
Let v be (-21)/168 - (-3 - ((-6365)/(-8))/5). Calculate the greatest common factor of 882 and v.
18
Suppose 4*n - 7 = -v, 19*v = 17*v + 4*n + 26. What is the greatest common divisor of 1771 and v?
11
Let m = 62 + -120. Let s = m + 63. Suppose s*z - 360 = 60. Calculate the highest common divisor of z and 12.
12
Suppose 106*g = 81*g + 1275. Let j = 4 + -13. Let d = j + g. What is the highest common divisor of d and 21?
21
Suppose -6*v - 4*v + 590 = 0. Suppose 5*l - 84 = 4*o,